 u?
24
Suppose 28*p - 265 = 29*p. Let z = p - -297. Calculate the greatest common factor of z and 352.
32
Let l = -47 + 71. Suppose -k - 5*u = -714 + 699, -4*k + 76 = 4*u. Calculate the highest common factor of k and l.
4
Let z = 59 - 60. Let g be -10*(-10)/6 + z/(-3). Let k(r) = -r**2 + r + 34. Let w be k(0). What is the highest common divisor of g and w?
17
Let n be 106/(-8)*-10*2. Let x be (n/(-25))/(2/(-10)). What is the highest common divisor of 424 and x?
53
Suppose -52 = -12*x - 136. Let a be 2 - ((-45 - x) + -8). What is the greatest common divisor of 1392 and a?
48
Let n = 22916 + -15211. Calculate the highest common factor of n and 230.
115
Suppose 5*p = 2*y - 5, 3*y - 11*p - 4 = -7*p. Suppose 4*o - 12*o + 264 = y. What is the greatest common factor of 11 and o?
11
Suppose -5*l - 2*s = -36500, -l + 7288 = 29*s - 31*s. What is the greatest common factor of 82 and l?
82
Let i(f) = 1531*f - 10618. Let b be i(7). What is the highest common divisor of b and 117?
9
Let t = 374 - 99. Let m be ((-9)/(-42) - 0)*-2 - 35653/(-707). What is the greatest common factor of m and t?
25
Suppose -1261*t - 4365 = -1164*t - 13677. What is the greatest common factor of t and 8480?
32
Suppose 34 = 3*l + 2*b - 15*b, -155 = -5*l + 2*b. Suppose 0 = 4*o - 9*o. Suppose o*s - s + 3 = 0. What is the greatest common divisor of s and l?
3
Suppose -m = -308 + 98. Let z be m/6 - 2/4*-4. Calculate the highest common divisor of 703 and z.
37
Let m(x) = 6*x - 5. Suppose -27*q + 23*q = 168. Let d = q + 47. Let c be m(d). What is the greatest common factor of c and 75?
25
Suppose -8*v + 5*v + 2*d + 750 = 0, -5*d + 1023 = 4*v. What is the highest common factor of v and 4158?
126
Let z = 425 + -191. Let x be 2*1*(-180)/(-150)*65. What is the highest common divisor of z and x?
78
Let o(p) = -40*p + 1696. Let z be o(-26). Calculate the highest common factor of z and 144.
144
Let z be 16/136 - 30596/(-34). Let o(n) = 21*n - 6. Let q be o(2). What is the greatest common divisor of q and z?
36
Let o be ((-270)/(-225))/(3/27795). Calculate the greatest common factor of 102 and o.
102
Let f be (-746)/(-30) - (-11 - (-1630)/150). Suppose f*b = 20*b + 50. Calculate the greatest common factor of 110 and b.
10
Let w be -48 + 19 + (36 - -5). Let h = -156 + 384. What is the greatest common factor of w and h?
12
Suppose 68*m - 88718 = -42110 + 74160. What is the greatest common factor of m and 576?
48
Let t = -172 + 332. Let o(l) = 96*l + 596. Let p be o(-6). Calculate the greatest common divisor of t and p.
20
Let k = 20 - 18. Suppose -11 = -5*i + g + g, 0 = k*g + 6. What is the highest common divisor of i and 8?
1
Let o(c) = c**3 + 20*c**2 + 26*c + 14. Let n be o(-21). Let j be (n/21 + -1)*3/2. Let f = j - -159. What is the greatest common divisor of f and 8?
8
Suppose -249*l + 687 = -1554. Suppose 0 = 5*y - y - 8. Let k = y + -1. Calculate the highest common divisor of l and k.
1
Suppose 12*b - 482 = 898. Suppose -12*y + 222 + 54 = 0. Calculate the greatest common divisor of b and y.
23
Suppose 37 = -5*i + 292. Let h(z) = -2470*z**2 - 2*z + 34. Let j be h(0). What is the highest common factor of i and j?
17
Let n = -295 + -112. Let v = n - -554. What is the greatest common divisor of 3 and v?
3
Let s(o) = 32*o**2 + 2*o - 2. Let v be s(1). Let l = -10460 + 10924. What is the greatest common factor of l and v?
16
Suppose 0 = -5*x - 4*s + 68, -x - 5*s = -0 - 1. Let q be 186 + -1 - (-13 + x). Suppose 3*y + q = 10*y. Calculate the greatest common divisor of 156 and y.
26
Let y be ((-825)/20)/11*-24. Let c(x) = 2*x**3 - 3*x**2 + 3*x. Let l be c(3). What is the greatest common factor of y and l?
18
Let k = 253 + -139. Let r = k + -62. Let x(w) = -68*w + 13. Let l be x(0). What is the greatest common divisor of r and l?
13
Suppose 39 = p - 4*t - 1135, 0 = -5*p + 3*t + 5768. Calculate the highest common divisor of 138 and p.
46
Let s(z) = 31*z**2 - 2*z - 2. Let y = 7 + -13. Let m be ((3/(y/(-8)))/(-1))/2. Let p be s(m). Calculate the highest common factor of 14 and p.
14
Let q = 18797 - 18616. What is the highest common divisor of q and 38372?
181
Suppose 4*b = -4*x + 581 - 125, x + 216 = 2*b. Suppose -30*z + b = -25*z. Calculate the highest common divisor of 275 and z.
11
Let q(x) = -15*x - 43. Suppose -2*i = -6*n + 3*n - 16, 5*n + 5*i = -10. Let k be q(n). What is the greatest common factor of 68 and k?
17
Suppose -15 = -3*r, 2*c = 5*r - 65 - 34. Let u = 75 + -30. Let a = c + u. What is the highest common divisor of a and 40?
8
Let c be 3/(28/(-42) + 5/(-6)). Let k be 4 + (-14)/(c - (-3 + 2)). What is the highest common divisor of 126 and k?
18
Let m be (8/(-20) - 35/(-150)) + (-813467)/(-102). Calculate the greatest common factor of m and 29.
29
Let v = 339 - 371. Let j = v + 51. Let y = -94 + 246. What is the greatest common divisor of y and j?
19
Let n = 10 + 20. Let y = 32 - n. Suppose 45 = y*t - 15. Calculate the highest common divisor of 45 and t.
15
Let s(t) = -t**2 + t + 8. Let a = 27 - 21. Let b be s(a). Let f be 1/(-3)*-98 + b/33. What is the greatest common divisor of f and 288?
32
Let u(b) = -2*b**3 + b**2. Let z be u(-3). Let f = -910 + 1057. Calculate the highest common divisor of f and z.
21
Suppose 1628*s - 185889 = 1499*s. What is the highest common divisor of 66 and s?
11
Let a be (-1 + -1)/((-4)/442). Let r = a + -131. Let h(f) = 2*f**3 - 50*f**2 - 1092*f + 36. Let b be h(39). Calculate the highest common divisor of r and b.
18
Let b(f) = 18*f - 11. Let a be b(8). Suppose -2*n + 455 = -a. Calculate the greatest common factor of 42 and n.
42
Let y = -4841 + 4874. What is the greatest common divisor of 572 and y?
11
Let y(m) = 148*m - 7762. Let h be y(55). Calculate the highest common divisor of h and 1344.
42
Let u(j) = j**2 - 3*j - 6. Let m = 8 - 3. Let b be u(m). Suppose y + 3*n - 28 = 0, -751*y + 112 = -747*y + 5*n. Calculate the greatest common factor of b and y.
4
Let d(w) = 8*w + 189. Let q be d(-23). Suppose 5*s + q*r - 53 = 472, 0 = 4*s + 3*r - 417. Calculate the greatest common factor of 6 and s.
6
Suppose 77*r = 7*r + 49210. Calculate the greatest common divisor of r and 95.
19
Let p(w) = -182*w + 28. Let g be p(-1). Suppose -4*b = -3*y + b + 150, 0 = 5*y + 5*b - g. What is the greatest common divisor of 45 and y?
45
Suppose 12*d = -13*d - 3150. Let t = d - -138. Let b be 4/(-5)*(-30)/4. Calculate the greatest common factor of b and t.
6
Suppose -333*h - 6669 = 380*h - 770*h. Let m be 2/(-7) + (-550)/(-14). What is the highest common factor of h and m?
39
Suppose -5*l = -4*f - f - 30, -2*l - 3*f + 7 = 0. Suppose -l*v - 5*a + 241 = -9*a, 2*v = a + 97. What is the greatest common divisor of 245 and v?
49
Suppose 2575 = 5*o - 5*z, 0 = 4*z - 14 - 6. What is the greatest common divisor of o and 2?
2
Let m be (-1)/(-5) + -15*(-22851)/675. Calculate the greatest common factor of 1397 and m.
127
Let o be -2 - 8/(-2) - -50. Let a = o + -166. Let x = -108 - a. What is the greatest common divisor of 21 and x?
3
Let p(y) = -y**3 - 13*y**2 + 198*y + 21. Let s be p(9). Calculate the greatest common divisor of 357 and s.
21
Suppose 1856 = 5*m - 2*v, -10*m + 12*m - 3*v - 738 = 0. Let b = 588 - m. Calculate the highest common divisor of 54 and b.
54
Suppose 131*k - 134*k + 19 = a, -2*a + 23 = 3*k. Calculate the greatest common factor of a and 3308.
4
Let c be ((-8)/(-4) - 38) + 1. Let u = 63 + c. Calculate the highest common factor of u and 196.
28
Let j(n) = -3*n + 31. Let g be j(9). Suppose 7*b - g*a - 136 = 2*b, -4*a - 52 = -2*b. Calculate the highest common factor of b and 7.
7
Let x = 32 - 28. Let j = x + -2. Let c be (-9 - -16) + (-3)/(j + -1). What is the greatest common factor of c and 16?
4
Suppose -j + 375 = -2*u, -3*u = 3*j - 1446 + 366. Let b = -63577 + 63650. What is the greatest common divisor of j and b?
73
Suppose q = -5*q. Suppose q = 8*h - 149 - 251. Let j(t) = -9*t + 2. Let b be j(-2). What is the highest common factor of b and h?
10
Let z be 81 + (-5 - (-5 - -11)). Let g be 7 + 5 + -1*2. Calculate the highest common factor of g and z.
10
Suppose 4*u = b + 1 - 45, 26 = b + 5*u. What is the highest common divisor of 744 and b?
12
Let z(j) = 498*j**3 - 3*j**2 + 1. Let p be z(1). Let t = p + -256. Calculate the highest common divisor of 45 and t.
15
Let r = -